on divisor of 122 and 4.
2
Calculate the greatest common factor of 20 and 640.
20
What is the highest common divisor of 47966 and 58?
58
Calculate the greatest common factor of 65 and 221.
13
What is the highest common divisor of 742 and 14?
14
Calculate the highest common divisor of 192 and 672.
96
Calculate the greatest common factor of 19456 and 24.
8
What is the greatest common factor of 9 and 693?
9
What is the greatest common factor of 285 and 30?
15
What is the greatest common factor of 75 and 3225?
75
Calculate the highest common factor of 105 and 595.
35
What is the highest common factor of 28 and 1204?
28
Calculate the greatest common factor of 640 and 8.
8
Calculate the highest common factor of 96 and 360.
24
Calculate the greatest common divisor of 1925 and 1225.
175
Calculate the greatest common factor of 38 and 4598.
38
What is the highest common factor of 24 and 44?
4
What is the highest common divisor of 791 and 28?
7
Calculate the greatest common factor of 507 and 91.
13
What is the highest common factor of 81 and 288?
9
Calculate the highest common divisor of 880 and 80.
80
What is the highest common divisor of 13051 and 93?
31
What is the highest common factor of 750 and 90?
30
Calculate the highest common divisor of 705 and 75.
15
What is the greatest common divisor of 447 and 2384?
149
What is the highest common factor of 92 and 368?
92
Calculate the greatest common divisor of 92 and 69.
23
Calculate the highest common factor of 423 and 9.
9
What is the greatest common factor of 12496 and 22?
22
Calculate the highest common factor of 228 and 304.
76
Calculate the greatest common divisor of 22824 and 54.
18
What is the greatest common factor of 183 and 183?
183
Calculate the highest common factor of 206 and 2781.
103
What is the greatest common divisor of 18 and 66?
6
What is the greatest common divisor of 105 and 285?
15
Calculate the highest common divisor of 5580 and 720.
180
What is the greatest common factor of 39 and 312?
39
What is the greatest common divisor of 208 and 64?
16
What is the highest common factor of 9231 and 17?
17
Calculate the greatest common divisor of 36019 and 362.
181
Calculate the greatest common factor of 9 and 1.
1
What is the highest common factor of 216 and 13716?
108
Calculate the greatest common factor of 5 and 240.
5
Calculate the greatest common divisor of 84 and 5229.
21
What is the highest common divisor of 13344 and 96?
96
What is the greatest common factor of 9 and 639?
9
What is the greatest common divisor of 275 and 44?
11
What is the highest common factor of 845 and 325?
65
Calculate the greatest common factor of 8 and 128.
8
What is the highest common factor of 3757 and 68?
17
Calculate the greatest common factor of 175 and 225.
25
What is the greatest common factor of 4 and 716?
4
Calculate the highest common factor of 96 and 1488.
48
Calculate the highest common factor of 90 and 612.
18
Calculate the highest common divisor of 51 and 17.
17
What is the greatest common divisor of 42 and 903?
21
What is the highest common factor of 45 and 425?
5
Calculate the greatest common divisor of 37 and 481.
37
What is the highest common divisor of 30 and 1365?
15
Calculate the highest common factor of 160 and 20320.
160
Calculate the highest common factor of 464 and 11020.
116
Calculate the highest common factor of 144 and 32.
16
Calculate the highest common factor of 25 and 400.
25
Calculate the greatest common factor of 52 and 39.
13
What is the highest common factor of 392 and 1736?
56
Calculate the greatest common factor of 3940 and 10.
10
What is the greatest common divisor of 6468 and 12?
12
What is the greatest common divisor of 26 and 7449?
13
Calculate the greatest common factor of 83 and 747.
83
What is the highest common factor of 1200 and 45?
15
What is the greatest common divisor of 480 and 1344?
96
Calculate the highest common divisor of 289 and 68.
17
Calculate the highest common divisor of 3193 and 2781.
103
What is the greatest common divisor of 2070 and 810?
90
Calculate the greatest common factor of 1525 and 75.
25
What is the greatest common divisor of 560 and 80?
80
What is the greatest common divisor of 1344 and 21?
21
What is the greatest common factor of 385 and 462?
77
Calculate the greatest common divisor of 592 and 32.
16
Calculate the greatest common factor of 21 and 32697.
21
Calculate the highest common divisor of 374 and 22.
22
What is the highest common divisor of 1802 and 106?
106
What is the greatest common factor of 42 and 714?
42
What is the highest common divisor of 441 and 10290?
147
What is the greatest common factor of 12 and 258?
6
Calculate the highest common factor of 224 and 32.
32
What is the greatest common factor of 138 and 1035?
69
Calculate the highest common factor of 670 and 240.
10
What is the highest common factor of 256 and 1304?
8
What is the highest common divisor of 121 and 781?
11
What is the highest common divisor of 513 and 72?
9
What is the greatest common divisor of 146159 and 13?
13
What is the greatest common factor of 9159 and 71?
71
Calculate the highest common divisor of 46 and 46.
46
What is the greatest common divisor of 3456 and 720?
144
What is the highest common factor of 120 and 264?
24
Calculate the highest common factor of 300 and 36.
12
What is the highest common factor of 12 and 15?
3
Calculate the highest common factor of 6979 and 7.
7
What is the greatest common divisor of 190 and 1330?
190
Calculate the greatest common divisor of 215 and 129.
43
Calculate the highest common factor of 34 and 272.
34
Calculate the greatest common factor of 187 and 154.
11
Calculate the highest common divisor of 520 and 3224.
104
Calculate the greatest common divisor of 54 and 90.
18
Calculate the highest common factor of 26 and 299.
13
What is the greatest common divisor of 99 and 352?
11
What is the greatest common divisor of 3 and 125?
1
What is the highest common divisor of 90 and 930?
30
Calculate the greatest common divisor of 1854 and 54.
18
Calculate the greatest common factor of 171 and 57.
57
Calculate the highest common divisor of 119 and 289.
17
Calculate the highest common divisor of 18 and 30042.
18
What is the highest common factor of 11 and 341?
11
Calculate the highest common divisor of 13 and 3172.
13
What is the highest common divisor of 252 and 4389?
21
Calculate the greatest common factor of 13 and 3497.
13
What is the highest common factor of 10 and 35?
5
What is the greatest common divisor of 469 and 134?
67
What is the highest common divisor of 755 and 18271?
151
Calculate the highest common factor of 1023 and 77.
11
What is the highest common divisor of 110 and 5?
5
What is the greatest common divisor of 510 and 45?
15
What is the greatest common divisor of 31 and 5?
1
Calculate the highest common divisor of 87 and 377.
29
What is the greatest common factor of 675 and 351?
27
What is the highest common divisor of 667 and 989?
23
Calculate the greatest common factor of 484 and 352.
44
What is the greatest common divisor of 2 and 82?
2
Calculate the highest common factor of 34 and 1071.
17
What is the greatest common factor of 13260 and 39?
39
Calculate the greatest common factor of 627 and 66.
33
What is the highest common factor of 550 and 22?
22
What is the highest common factor of 1215 and 10?
5
Calculate the highest common factor of 950 and 1350.
50
What is the greatest common divisor of 26 and 9477?
13
Calculate the highest common factor of 165 and 55.
55
Calculate the highest common factor of 570 and 2109.
57
What is the greatest common divisor of 506 and 33?
11
What is the greatest common divisor of 17 and 2788?
17
What is the greatest common factor of 22 and 242?
22
What is the greatest common factor of 1737 and 9?
9
What is the highest common divisor of 20 and 130?
10
Calculate the highest common factor of 126 and 72.
18
What is the highest common divisor of 4 and 144?
4
What is the highest common divisor of 2125 and 1625?
125
Calculate the highest common factor of 71 and 142.
71
What is the greatest common divisor of 6 and 58?
2
What is the greatest common divisor of 65 and 1391?
13
Calculate the greatest common factor of 265 and 16.
1
What is the highest common factor of 67 and 469?
67
What is